{"id":3532,"date":"2022-11-07T12:19:08","date_gmt":"2022-11-07T11:19:08","guid":{"rendered":"http:\/\/acaixasostible.uvigo.gal\/?page_id=3532"},"modified":"2022-11-07T12:38:34","modified_gmt":"2022-11-07T11:38:34","slug":"francisco-deive-herva","status":"publish","type":"page","link":"http:\/\/acaixasostible.uvigo.gal\/gl\/membros\/francisco-deive-herva\/","title":{"rendered":"Francisco Deive Herva"},"content":{"rendered":"<p><img loading=\"lazy\" decoding=\"async\" class=\"alignnone wp-image-3496 size-medium\" src=\"http:\/\/acaixasostible.uvigo.gal\/wp-content\/uploads\/2022\/11\/Francisco-Deive-274x300.png\" alt=\"\" width=\"274\" height=\"300\" srcset=\"http:\/\/acaixasostible.uvigo.gal\/wp-content\/uploads\/2022\/11\/Francisco-Deive-274x300.png 274w, http:\/\/acaixasostible.uvigo.gal\/wp-content\/uploads\/2022\/11\/Francisco-Deive.png 700w\" sizes=\"auto, (max-width: 274px) 100vw, 274px\" \/><\/p>\n<p>Investigador responsable da actividade <em>Determinaci\u00f3n da calidade das augas<\/em><\/p>\n<p>Grupo de investigaci\u00f3n: Enxe\u00f1ar\u00eda Qu\u00edmica 3<\/p>\n<p>deive@uvigo.es<\/p>\n<p><a href=\"https:\/\/orcid.org\/0000-0001-6781-4082\">https:\/\/orcid.org\/0000-0001-6781-4082<\/a><\/p>\n<p>Qu\u00edmico e doutor en Enxe\u00f1er\u00eda Qu\u00edmica. Investigador no campo do tratamento de augas estudando a viabilidade de utilizar m\u00e9todos f\u00edsicos e biotecnol\u00f3xicos para eliminar eficazmente da auga diversidade de contaminantes como tinguiduras industriais, flu\u00eddos de corte da industria metal\u00farxica, hidrocarburos arom\u00e1ticos polic\u00edclicos, antibi\u00f3ticos ou f\u00e1rmacos. Ademais, foi investigador principal dun proxecto do ministerio centrado na eliminaci\u00f3n de contaminantes emerxentes de efluentes acuosos (desde o ano 2012 ata o ano 2014) e dirixiu 3 teses de doutoramento nesta tem\u00e1tica. Formou parte da Rede Galega de Tratamento de Augas (ReGaTa) e da rede Bioauga. No \u00faltimos tres cursos acad\u00e9micos participou en 7 proxectos STEMbach.<\/p>\n","protected":false},"excerpt":{"rendered":"<p>Investigador responsable da actividade Determinaci\u00f3n da calidade das augas Grupo de investigaci\u00f3n: Enxe\u00f1ar\u00eda Qu\u00edmica 3 deive@uvigo.es https:\/\/orcid.org\/0000-0001-6781-4082 Qu\u00edmico e doutor en Enxe\u00f1er\u00eda Qu\u00edmica. Investigador no &hellip; <a class=\"excerpt_more\" href=\"http:\/\/acaixasostible.uvigo.gal\/gl\/membros\/francisco-deive-herva\/\">Continuar<\/a><\/p>\n","protected":false},"author":4,"featured_media":0,"parent":2092,"menu_order":8,"comment_status":"closed","ping_status":"closed","template":"","meta":{"footnotes":""},"class_list":["post-3532","page","type-page","status-publish","hentry"],"_links":{"self":[{"href":"http:\/\/acaixasostible.uvigo.gal\/gl\/wp-json\/wp\/v2\/pages\/3532\/"}],"collection":[{"href":"http:\/\/acaixasostible.uvigo.gal\/gl\/wp-json\/wp\/v2\/pages\/"}],"about":[{"href":"http:\/\/acaixasostible.uvigo.gal\/gl\/wp-json\/wp\/v2\/types\/page\/"}],"author":[{"embeddable":true,"href":"http:\/\/acaixasostible.uvigo.gal\/gl\/wp-json\/wp\/v2\/users\/4\/"}],"replies":[{"embeddable":true,"href":"http:\/\/acaixasostible.uvigo.gal\/gl\/wp-json\/wp\/v2\/comments\/?post=3532"}],"version-history":[{"count":1,"href":"http:\/\/acaixasostible.uvigo.gal\/gl\/wp-json\/wp\/v2\/pages\/3532\/revisions\/"}],"predecessor-version":[{"id":3533,"href":"http:\/\/acaixasostible.uvigo.gal\/gl\/wp-json\/wp\/v2\/pages\/3532\/revisions\/3533\/"}],"up":[{"embeddable":true,"href":"http:\/\/acaixasostible.uvigo.gal\/gl\/wp-json\/wp\/v2\/pages\/2092\/"}],"wp:attachment":[{"href":"http:\/\/acaixasostible.uvigo.gal\/gl\/wp-json\/wp\/v2\/media\/?parent=3532"}],"curies":[{"name":"wp","href":"https:\/\/api.w.org\/{rel}","templated":true}]}}

<p><img loading="lazy" decoding="async" class="alignnone wp-image-3496 size-medium" src="http://acaixasostible.uvigo.gal/wp-content/uploads/2022/11/Francisco-Deive-274x300.png" alt="" width="274" height="300" srcset="http://acaixasostible.uvigo.gal/wp-content/uploads/2022/11/Francisco-Deive-274x300.png 274w, http://acaixasostible.uvigo.gal/wp-content/uploads/2022/11/Francisco-Deive.png 700w" sizes="auto, (max-width: 274px) 100vw, 274px" /></p>
<p>Investigador responsable da actividade <em>Determinación da calidade das augas</em></p>
<p>Grupo de investigación: Enxeñaría Química 3</p>
<p>deive@uvigo.es</p>
<p><a href="https://orcid.org/0000-0001-6781-4082">https://orcid.org/0000-0001-6781-4082</a></p>
<p>Químico e doutor en Enxeñería Química. Investigador no campo do tratamento de augas estudando a viabilidade de utilizar métodos físicos e biotecnolóxicos para eliminar eficazmente da auga diversidade de contaminantes como tinguiduras industriais, fluídos de corte da industria metalúrxica, hidrocarburos aromáticos policíclicos, antibióticos ou fármacos. Ademais, foi investigador principal dun proxecto do ministerio centrado na eliminación de contaminantes emerxentes de efluentes acuosos (desde o ano 2012 ata o ano 2014) e dirixiu 3 teses de doutoramento nesta temática. Formou parte da Rede Galega de Tratamento de Augas (ReGaTa) e da rede Bioauga. No últimos tres cursos académicos participou en 7 proxectos STEMbach.</p>

<p>Investigador responsable da actividade Determinación da calidade das augas Grupo de investigación: Enxeñaría Química 3 deive@uvigo.es https://orcid.org/0000-0001-6781-4082 Químico e doutor en Enxeñería Química. Investigador no &hellip; <a class="excerpt_more" href="http://acaixasostible.uvigo.gal/gl/membros/francisco-deive-herva/">Continuar</a></p>
