{"id":3419,"date":"2022-11-04T11:56:33","date_gmt":"2022-11-04T10:56:33","guid":{"rendered":"http:\/\/lacajasostenible.webs5.uvigo.es\/?page_id=3419"},"modified":"2022-11-07T11:41:25","modified_gmt":"2022-11-07T10:41:25","slug":"raquel-perez-orozco","status":"publish","type":"page","link":"http:\/\/acaixasostible.uvigo.gal\/gl\/membros\/raquel-perez-orozco\/","title":{"rendered":"Raquel P\u00e9rez Orozco"},"content":{"rendered":"<p><img loading=\"lazy\" decoding=\"async\" class=\"alignnone wp-image-3437 size-medium\" src=\"http:\/\/acaixasostible.uvigo.gal\/wp-content\/uploads\/2022\/11\/foto-raquel-274x300.png\" alt=\"\" width=\"274\" height=\"300\" srcset=\"http:\/\/acaixasostible.uvigo.gal\/wp-content\/uploads\/2022\/11\/foto-raquel-274x300.png 274w, http:\/\/acaixasostible.uvigo.gal\/wp-content\/uploads\/2022\/11\/foto-raquel-768x841.png 768w, http:\/\/acaixasostible.uvigo.gal\/wp-content\/uploads\/2022\/11\/foto-raquel-935x1024.png 935w\" sizes=\"auto, (max-width: 274px) 100vw, 274px\" \/><\/p>\n<p>Investigadora responsable da actividade Pegada de Carbono<\/p>\n<p>Grupo de investigaci\u00f3n: Grupo de Tecnolox\u00eda Enerx\u00e9tica (GTE)<\/p>\n<p>rporozco@uvigo.es<\/p>\n<p><a href=\"https:\/\/orcid.org\/0000-0002-6352-8959\">https:\/\/orcid.org\/0000-0002-7536-9609<\/a><\/p>\n<p>Graduada en Enxe\u00f1er\u00eda da Enerx\u00eda e doutora en Eficiencia enerx\u00e9tica centran a s\u00faa li\u00f1a de investigaci\u00f3n na sustentabilidade e eficiencia enerx\u00e9tica de sistemas t\u00e9rmicos de combusti\u00f3n de biomasa, reduci\u00f3n de emisi\u00f3ns gasosas en combusti\u00f3n e tecnolox\u00edas de captura e almacenamento de CO<sub>2<\/sub>. Proxectos de car\u00e1cter competitivo sobre a tem\u00e1tica a nivel nacional (BIOMASSPME, RTI-2018-100765-B100, convocatoria Retos Investigaci\u00f3n 2018) e europeo (BIOMASA-AP, INTERREG VAI Espa\u00f1a-Portugal 2014-2020; CYCLOMB, Uni\u00f3n Europea H2020-FTIPilot-2016-1). Experiencia en programas de fomento de inquietudes cient\u00edfico-tecnol\u00f3xicas a escolares en programa STEMbach e R. P\u00e9rez como mentora en Inspira STEAM. Membros activos da comisi\u00f3n de divulgaci\u00f3n da EME e do Grupo de Tecnolox\u00eda Enerx\u00e9tica e Educaci\u00f3n. Ademais, participan no proxecto FECYT \u201cCiencia de ida e volta\u201d solicitado pola Unidade de Cultura Cient\u00edfica (UCC) da UVigo.<\/p>\n","protected":false},"excerpt":{"rendered":"<p>Investigadora responsable da actividade Pegada de Carbono Grupo de investigaci\u00f3n: Grupo de Tecnolox\u00eda Enerx\u00e9tica (GTE) rporozco@uvigo.es https:\/\/orcid.org\/0000-0002-7536-9609 Graduada en Enxe\u00f1er\u00eda da Enerx\u00eda e doutora en &hellip; <a class=\"excerpt_more\" href=\"http:\/\/acaixasostible.uvigo.gal\/gl\/membros\/raquel-perez-orozco\/\">Continuar<\/a><\/p>\n","protected":false},"author":4,"featured_media":0,"parent":2092,"menu_order":3,"comment_status":"closed","ping_status":"closed","template":"","meta":{"footnotes":""},"class_list":["post-3419","page","type-page","status-publish","hentry"],"_links":{"self":[{"href":"http:\/\/acaixasostible.uvigo.gal\/gl\/wp-json\/wp\/v2\/pages\/3419\/"}],"collection":[{"href":"http:\/\/acaixasostible.uvigo.gal\/gl\/wp-json\/wp\/v2\/pages\/"}],"about":[{"href":"http:\/\/acaixasostible.uvigo.gal\/gl\/wp-json\/wp\/v2\/types\/page\/"}],"author":[{"embeddable":true,"href":"http:\/\/acaixasostible.uvigo.gal\/gl\/wp-json\/wp\/v2\/users\/4\/"}],"replies":[{"embeddable":true,"href":"http:\/\/acaixasostible.uvigo.gal\/gl\/wp-json\/wp\/v2\/comments\/?post=3419"}],"version-history":[{"count":5,"href":"http:\/\/acaixasostible.uvigo.gal\/gl\/wp-json\/wp\/v2\/pages\/3419\/revisions\/"}],"predecessor-version":[{"id":3516,"href":"http:\/\/acaixasostible.uvigo.gal\/gl\/wp-json\/wp\/v2\/pages\/3419\/revisions\/3516\/"}],"up":[{"embeddable":true,"href":"http:\/\/acaixasostible.uvigo.gal\/gl\/wp-json\/wp\/v2\/pages\/2092\/"}],"wp:attachment":[{"href":"http:\/\/acaixasostible.uvigo.gal\/gl\/wp-json\/wp\/v2\/media\/?parent=3419"}],"curies":[{"name":"wp","href":"https:\/\/api.w.org\/{rel}","templated":true}]}}

Raquel Pérez Orozco

<p><img loading="lazy" decoding="async" class="alignnone wp-image-3437 size-medium" src="http://acaixasostible.uvigo.gal/wp-content/uploads/2022/11/foto-raquel-274x300.png" alt="" width="274" height="300" srcset="http://acaixasostible.uvigo.gal/wp-content/uploads/2022/11/foto-raquel-274x300.png 274w, http://acaixasostible.uvigo.gal/wp-content/uploads/2022/11/foto-raquel-768x841.png 768w, http://acaixasostible.uvigo.gal/wp-content/uploads/2022/11/foto-raquel-935x1024.png 935w" sizes="auto, (max-width: 274px) 100vw, 274px" /></p>
<p>Investigadora responsable da actividade Pegada de Carbono</p>
<p>Grupo de investigación: Grupo de Tecnoloxía Enerxética (GTE)</p>
<p>rporozco@uvigo.es</p>
<p><a href="https://orcid.org/0000-0002-6352-8959">https://orcid.org/0000-0002-7536-9609</a></p>
<p>Graduada en Enxeñería da Enerxía e doutora en Eficiencia enerxética centran a súa liña de investigación na sustentabilidade e eficiencia enerxética de sistemas térmicos de combustión de biomasa, redución de emisións gasosas en combustión e tecnoloxías de captura e almacenamento de CO<sub>2</sub>. Proxectos de carácter competitivo sobre a temática a nivel nacional (BIOMASSPME, RTI-2018-100765-B100, convocatoria Retos Investigación 2018) e europeo (BIOMASA-AP, INTERREG VAI España-Portugal 2014-2020; CYCLOMB, Unión Europea H2020-FTIPilot-2016-1). Experiencia en programas de fomento de inquietudes científico-tecnolóxicas a escolares en programa STEMbach e R. Pérez como mentora en Inspira STEAM. Membros activos da comisión de divulgación da EME e do Grupo de Tecnoloxía Enerxética e Educación. Ademais, participan no proxecto FECYT “Ciencia de ida e volta” solicitado pola Unidade de Cultura Científica (UCC) da UVigo.</p>

<p>Investigadora responsable da actividade Pegada de Carbono Grupo de investigación: Grupo de Tecnoloxía Enerxética (GTE) rporozco@uvigo.es https://orcid.org/0000-0002-7536-9609 Graduada en Enxeñería da Enerxía e doutora en &hellip; <a class="excerpt_more" href="http://acaixasostible.uvigo.gal/gl/membros/raquel-perez-orozco/">Continuar</a></p>
